culate the remainder when 19726 is divided by 109.
106
What is the remainder when 11493624 is divided by 1375?
1374
Calculate the remainder when 7280 is divided by 25.
5
Calculate the remainder when 843 is divided by 95.
83
Calculate the remainder when 3699669 is divided by 315.
309
What is the remainder when 491 is divided by 97?
6
Calculate the remainder when 18647 is divided by 744.
47
Calculate the remainder when 379617 is divided by 171.
168
Calculate the remainder when 207635 is divided by 545.
535
What is the remainder when 109146 is divided by 15591?
9
What is the remainder when 288 is divided by 154?
134
Calculate the remainder when 11663 is divided by 1166.
3
What is the remainder when 192134 is divided by 426?
8
Calculate the remainder when 1308 is divided by 310.
68
Calculate the remainder when 338797 is divided by 46.
7
Calculate the remainder when 36 is divided by 24.
12
Calculate the remainder when 57285 is divided by 5206.
19
Calculate the remainder when 390 is divided by 18.
12
What is the remainder when 18341 is divided by 1832?
21
What is the remainder when 76098 is divided by 11?
0
Calculate the remainder when 809007 is divided by 30.
27
What is the remainder when 36441 is divided by 18202?
37
Calculate the remainder when 37256 is divided by 54.
50
What is the remainder when 609515 is divided by 394?
391
Calculate the remainder when 512405 is divided by 256175.
55
What is the remainder when 47017 is divided by 21?
19
What is the remainder when 34600 is divided by 219?
217
Calculate the remainder when 4751 is divided by 462.
131
What is the remainder when 27521 is divided by 611?
26
What is the remainder when 2065 is divided by 337?
43
Calculate the remainder when 22505 is divided by 57.
47
What is the remainder when 794 is divided by 428?
366
Calculate the remainder when 86792 is divided by 5105.
7
What is the remainder when 151257 is divided by 326?
319
What is the remainder when 56109 is divided by 2078?
3
What is the remainder when 1783 is divided by 887?
9
What is the remainder when 220027 is divided by 198?
49
Calculate the remainder when 80398 is divided by 628.
14
What is the remainder when 1631 is divided by 1469?
162
Calculate the remainder when 121318 is divided by 33.
10
Calculate the remainder when 3424 is divided by 490.
484
Calculate the remainder when 776487 is divided by 30.
27
What is the remainder when 406275 is divided by 26?
25
What is the remainder when 1916 is divided by 76?
16
What is the remainder when 19688 is divided by 985?
973
What is the remainder when 822 is divided by 350?
122
What is the remainder when 9405 is divided by 73?
61
Calculate the remainder when 784 is divided by 239.
67
Calculate the remainder when 327312 is divided by 1004.
8
Calculate the remainder when 841 is divided by 296.
249
What is the remainder when 61614 is divided by 20536?
6
What is the remainder when 4369516 is divided by 1544?
1540
What is the remainder when 2027 is divided by 516?
479
What is the remainder when 75872 is divided by 643?
641
What is the remainder when 33776 is divided by 140?
36
Calculate the remainder when 73365 is divided by 36677.
11
What is the remainder when 69168 is divided by 63?
57
What is the remainder when 3124 is divided by 620?
24
What is the remainder when 42940 is divided by 34?
32
What is the remainder when 9924 is divided by 765?
744
What is the remainder when 514227 is divided by 48?
3
What is the remainder when 233268 is divided by 5?
3
What is the remainder when 166728 is divided by 17?
9
What is the remainder when 302022 is divided by 4377?
9
Calculate the remainder when 2176 is divided by 111.
67
What is the remainder when 9723 is divided by 1557?
381
What is the remainder when 265571 is divided by 2?
1
What is the remainder when 35892 is divided by 422?
22
What is the remainder when 15748 is divided by 1966?
20
What is the remainder when 11978 is divided by 1901?
572
Calculate the remainder when 193958 is divided by 1141.
1129
What is the remainder when 1711 is divided by 502?
205
Calculate the remainder when 6535758 is divided by 7.
5
What is the remainder when 274792 is divided by 685?
107
Calculate the remainder when 32479 is divided by 35.
34
What is the remainder when 191 is divided by 45?
11
Calculate the remainder when 438264 is divided by 73042.
12
Calculate the remainder when 1117097 is divided by 888.
881
Calculate the remainder when 347003 is divided by 486.
485
What is the remainder when 228477 is divided by 340?
337
What is the remainder when 2985718 is divided by 35?
8
What is the remainder when 1245 is divided by 414?
3
Calculate the remainder when 9402 is divided by 21.
15
Calculate the remainder when 51570 is divided by 1053.
1026
Calculate the remainder when 7368 is divided by 1430.
218
Calculate the remainder when 7690 is divided by 767.
20
Calculate the remainder when 154296 is divided by 43.
12
What is the remainder when 11849 is divided by 789?
14
What is the remainder when 1650 is divided by 36?
30
What is the remainder when 6382 is divided by 4?
2
What is the remainder when 1634 is divided by 312?
74
What is the remainder when 7141 is divided by 1?
0
What is the remainder when 5417 is divided by 1351?
13
Calculate the remainder when 204013 is divided by 67983.
64
What is the remainder when 4238 is divided by 98?
24
Calculate the remainder when 85065 is divided by 42514.
37
Calculate the remainder when 31803 is divided by 44.
35
What is the remainder when 366806 is divided by 11115?
11
Calculate the remainder when 108273 is divided by 84.
81
What is the remainder when 21407 is divided by 83?
76
Calculate the remainder when 301005 is divided by 350.
5
What is the remainder when 5893 is divided by 670?
533
What is the remainder when 2421 is divided by 403?
3
Calculate the remainder when 740490 is divided by 15.
0
What is the remainder when 2533 is divided by 68?
17
Calculate the remainder when 431173 is divided by 38.
25
Calculate the remainder when 17131 is divided by 42.
37
Calculate the remainder when 203326 is divided by 15639.
19
What is the remainder when 42060 is divided by 13?
5
What is the remainder when 12168 is divided by 6080?
8
What is the remainder when 920048 is divided by 434?
402
What is the remainder when 2663 is divided by 2561?
102
What is the remainder when 15917 is divided by 43?
7
What is the remainder when 6594 is divided by 22?
16
Calculate the remainder when 741 is divided by 6.
3
What is the remainder when 181535 is divided by 181?
173
What is the remainder when 12576 is divided by 370?
366
What is the remainder when 3376 is divided by 2898?
478
What is the remainder when 290149 is divided by 145058?
33
Calculate the remainder when 969537 is divided by 52.
49
Calculate the remainder when 28715 is divided by 117.
50
What is the remainder when 2197 is divided by 73?
7
Calculate the remainder when 8999 is divided by 100.
99
Calculate the remainder when 8471 is divided by 530.
521
What is the remainder when 77214 is divided by 333?
291
Calculate the remainder when 5608 is divided by 296.
280
What is the remainder when 1247781 is divided by 24?
21
Calculate the remainder when 122586 is divided by 1442.
16
Calculate the remainder when 616056 is divided by 308017.
22
Calculate the remainder when 1716 is divided by 131.
13
Calculate the remainder when 5641184 is divided by 955.
954
Calculate the remainder when 5225 is divided by 1295.
45
What is the remainder when 840839 is divided by 33?
32
What is the remainder when 21833 is divided by 112?
105
What is the remainder when 2640 is divided by 156?
144
What is the remainder when 3132 is divided by 348?
0
Calculate the remainder when 933 is divided by 26.
23
What is the remainder when 16977 is divided by 26?
25
What is the remainder when 111304 is divided by 111277?
27
Calculate the remainder when 43666 is divided by 13.
12
Calculate the remainder when 1290506 is divided by 1929.
5
Calculate the remainder when 12668 is divided by 235.
213
What is the remainder when 22651 is divided by 177?
172
What is the remainder when 2863 is divided by 175?
63
Calculate the remainder when 30124 is divided by 24.
4
What is the remainder when 1445 is divided by 468?
41
Calculate the remainder when 124171